er?
False
Is 371846 a prime number?
False
Is 387083 prime?
True
Is 11177 composite?
False
Is 2003709 a prime number?
False
Is 1166359 composite?
False
Is 1181819 composite?
True
Is 11027 a prime number?
True
Is 34899 a prime number?
False
Is 21226 a prime number?
False
Is 32083 composite?
False
Is 35671 prime?
True
Is 17947 a composite number?
True
Is 964097 a prime number?
True
Is 4051 prime?
True
Is 378977 a composite number?
False
Is 24683 a composite number?
False
Is 224099 prime?
False
Is 1711 a prime number?
False
Is 6098 composite?
True
Is 15119 prime?
False
Is 44351 composite?
False
Is 247759 a prime number?
True
Is 36097 a prime number?
True
Is 1982 prime?
False
Is 4201 a composite number?
False
Is 18899 a prime number?
True
Is 1585 a prime number?
False
Is 350627 a prime number?
False
Is 473899 a prime number?
True
Is 20849 a composite number?
False
Is 243442 prime?
False
Is 4139 composite?
False
Is 79031 a prime number?
True
Is 25891 a prime number?
False
Is 32393 composite?
True
Is 672123 a composite number?
True
Is 3589 a prime number?
False
Is 16255 prime?
False
Is 352631 prime?
False
Is 7043 a prime number?
True
Is 173699 composite?
False
Is 22283 prime?
True
Is 628993 prime?
True
Is 188753 prime?
True
Is 6445 prime?
False
Is 5462 a composite number?
True
Is 29593 a composite number?
True
Is 21295 prime?
False
Is 5623 composite?
False
Is 517355 a prime number?
False
Is 79229 a prime number?
True
Is 843521 composite?
True
Is 32321 prime?
True
Is 27449 prime?
True
Is 8419 a prime number?
True
Is 723529 a prime number?
True
Is 10261 prime?
False
Is 29599 prime?
True
Is 1943 prime?
False
Is 97943 composite?
False
Is 98207 a prime number?
True
Is 13283 composite?
True
Is 36151 a composite number?
False
Is 2305 a prime number?
False
Is 16153 a prime number?
False
Is 5147 prime?
True
Is 8306 prime?
False
Is 2813 a composite number?
True
Is 30683 a composite number?
True
Is 428665 a composite number?
True
Is 15497 a composite number?
False
Is 448969 prime?
True
Is 45829 composite?
True
Is 25481 a prime number?
False
Is 1430779 composite?
True
Is 3546491 composite?
True
Is 53479 a prime number?
True
Is 235609 composite?
True
Is 6491 prime?
True
Is 210599 composite?
False
Is 599591 prime?
True
Is 167149 a prime number?
True
Is 889 composite?
True
Is 914 composite?
True
Is 4303 a composite number?
True
Is 4391 composite?
False
Is 38261 composite?
False
Is 974815 composite?
True
Is 413047 a composite number?
True
Is 9371 a prime number?
True
Is 16049 prime?
False
Is 483929 prime?
True
Is 205201 a composite number?
False
Is 9239 composite?
False
Is 242009 composite?
False
Is 9899 composite?
True
Is 262147 a prime number?
True
Is 295031 a prime number?
False
Is 10427 a prime number?
True
Is 5107 prime?
True
Is 27983 prime?
True
Is 17059 composite?
True
Is 3989 composite?
False
Is 2217 prime?
False
Is 10942 a composite number?
True
Is 48523 a composite number?
False
Is 329419 a composite number?
False
Is 21961 composite?
False
Is 162343 prime?
True
Is 34009 prime?
False
Is 3368059 a prime number?
True
Is 394 composite?
True
Is 10077 a composite number?
True
Is 126149 composite?
True
Is 4861 a composite number?
False
Is 211 a composite number?
False
Is 11755 a composite number?
True
Is 13241 composite?
False
Is 1250767 a prime number?
False
Is 4874 a composite number?
True
Is 101819 prime?
False
Is 4141097 a composite number?
True
Is 749701 a prime number?
True
Is 2045 a prime number?
False
Is 2702185 a composite number?
True
Is 3862 a prime number?
False
Is 24407 a prime number?
True
Is 15227 prime?
True
Is 159947 prime?
False
Is 33227 a prime number?
False
Is 172147 a composite number?
False
Is 390953 prime?
True
Is 51082 prime?
False
Is 3932157 composite?
True
Is 397517 a prime number?
True
Is 31881 prime?
False
Is 257539 composite?
False
Is 40231 composite?
False
Is 40343 prime?
True
Is 117953 prime?
False
Is 64271 a prime number?
True
Is 60355 prime?
False
Is 134711 a prime number?
False
Is 120287 a composite number?
True
Is 443 a composite number?
False
Is 74159 composite?
False
Is 3943 a prime number?
True
Is 2789 composite?
False
Is 437709 prime?
False
Is 879 a composite number?
True
Is 463741 prime?
True
Is 1149487 a composite number?
False
Is 2647 a prime number?
True
Is 97205 a prime number?
False
Is 308773 composite?
False
Is 47699 prime?
True
Is 9031 prime?
False
Is 19001 a prime number?
True
Is 543967 composite?
False
Is 231573 prime?
False
Is 1801 prime?
True
Is 50207 prime?
True
Is 26141 a composite number?
False
Is 19439 a composite number?
True
Is 216563 prime?
False
Is 22069 a prime number?
False
Is 255659 composite?
False
Is 1454239 composite?
False
Is 99046 a composite number?
True
Is 567898 composite?
True
Is 9023 composite?
True
Is 11579 prime?
True
Is 13355 a prime number?
False
Is 16413 composite?
True
Is 3863 a composite number?
False
Is 731447 a composite number?
False
Is 43093 composite?
False
Is 1618 a prime number?
False
Is 112687 composite?
False
Is 33871 a prime number?
True
Is 186119 a composite number?
False
Is 20571 a prime number?
False
Is 90377 composite?
True
Is 53398 a composite number?
True
Is 33547 prime?
True
Is 57503 prime?
True
Is 100094 a composite number?
True
Is 6677 composite?
True
Is 555589 composite?
False
Is 25195 prime?
False
Is 240067 a prime number?
False
Is 147701 a prime number?
False
Is 15727 prime?
True
Is 144961 a composite number?
False
Is 12373 a prime number?
True
Is 26098 composite?
True
Is 68581 a prime number?
True
Is 26869 a prime number?
False
Is 22613 a composite number?
False
Is 48073 prime?
True
Is 16837 a composite number?
True
Is 25663 a prime number?
False
Is 437 composite?
True
Is 134669 a prime number?
True
Is 404597 composite?
False
Is 19606 prime?
False
Is 3593 composite?
False
Is 68659 a composite number?
False
Is 1366889 a composite number?
False
Is 846647 prime?
True
Is 1376033 a prime number?
True
Is 2235283 composite?
False
Is 997 a prime number?
True
Is 12491 composite?
False
Is 8263 prime?
True
Is 10289 prime?
True
Is 173321 composite?
True
Is 1803691 prime?
True
Is 187823 a prime number?
True
Is 13747 a prime number?
False
Is 57217 prime?
False
Is 107303 a composite number?
True
Is 37057 a prime number?
True
Is 6821 a composite number?
True
Is 2721 prime?
False
Is 9511 prime?
True
Is 2333 a prime number?
True
Is 74131 composite?
False
Is 3413 composite?
False
Is 33377 composite?
False
Is 139939 composite?
False
Is 2370829 composite?
False
Is 12326 prime?
False
Is 3649 a composite number?
True
Is 123 composite?
True
Is 432563 composite?
True
Is 14158 composite?
True
Is 3209 composite?
False
Is 10909 a prime number?
True
Is 3985 prime?
False
Is 52454 prime?
False
Is 446347 a prime number?
False
Is 11777 composite?
False
Is 2773 a composite number?
True
Is 18923 a prime number?
False
Is 55291 a prime number?
True
Is 11789 prime?
True
Is 1078753 composite?
True
Is 280465 a prime number?
False
Is 2333 a composite number?
False
Is 14207 a composite number?
False
Is 50359 a prime number?
True
Is 11897 a composite number?
False
Is 363547 a prime number?
False
Is 42491 a composite number?
False
Is 132329 a prime number?
True
Is 49853 a composite number?
False
Is 104131 a composite number?
True
Is 12611 prime?
True
Is 877 prime?
True
Is 362567 a composite number?
True
Is 2306 a composite number?
True
Is 1367 composite?
False
Is 133885 a composite number?
True
Is 12539 composite?
False
Is 55733 composite?
False
Is 483311 a composite number?
True
Is 6537 composite?
True
Is 46793 a prime number?
False
Is 26 a composite number?
True
Is 9131 composite?
True
Is 175573 a composite number?
False
Is 25409 prime?
True
Is 13369 a prime number?
False
Is 853 a prime number?
True
Is 310559 prime?
True
Is 397447 prime?
False
Is 52051 composite?
False
Is 2723 a composite number?
True
Is 8501 prime?
True
Is 436369 a prime number?
False
Is 9917 composite?
True
Is 177635 a prime number?
False
Is 46301 a prime number?
True
Is 247307 composite?
True
Is 5267 a prime number?
False
Is 3199 a prime number?
False
Is 4487 composite?
True
Is 60119 a prime number?
False
Is 272977 a prime number?
False
Is 2839651 a prime number?
False
Is 767203 a prime number?
True
Is 3093611 prime?
True
Is 2515